{"id":19,"date":"2023-02-09T09:55:34","date_gmt":"2023-02-09T09:55:34","guid":{"rendered":"https:\/\/alinawi.com\/?page_id=19"},"modified":"2026-03-12T12:03:47","modified_gmt":"2026-03-12T12:03:47","slug":"druckgrafik","status":"publish","type":"page","link":"https:\/\/alinawi.com\/index.php\/druckgrafik\/","title":{"rendered":"Ausstellungen"},"content":{"rendered":"\n<div class=\"wp-block-columns is-not-stacked-on-mobile is-style-no-vertical-margin is-layout-flex wp-container-core-columns-is-layout-9d6595d7 wp-block-columns-is-layout-flex\">\n<div class=\"wp-block-column is-layout-flow wp-block-column-is-layout-flow\" style=\"flex-basis:25%\">\n<p class=\"has-text-align-right\">04-2026<br>04-2026<br>03-2026<br><\/p>\n\n\n\n<p class=\"has-text-align-right\"><br>11-2025<br><br>10-2025<br>09-2025<br>05-2025<br>04-2025<br><br>03-2025<br>02-2025<\/p>\n\n\n\n<p class=\"has-text-align-right\">08-2024 <br>05-2024 <br>03-2024 <br><\/p>\n<\/div>\n\n\n\n<div class=\"wp-block-column is-layout-flow wp-block-column-is-layout-flow\" style=\"flex-basis:75%\">\n<p>| Festlandmark &#8211; Hamburg<br>| Hyde Park &#8211; Osnabr\u00fcck<br>| AMU  Kunstmarkt &#8211; Osnabr\u00fcck<br>| Grafikb\u00f6rse Borken<\/p>\n\n\n\n<p>| Designgipfel &#8211; M\u00fcnster<br>| Das Handmadeding &#8211; Bocholt<br>| Art connects &#8211; Haus der Jugend<br>| Skatehalle &#8211; Osnabr\u00fcck<br>| Auktion &amp; Vernissage FSK &#8211; Universit\u00e4t Osnabr\u00fcck<br>| Pusteblume &#8211; Ostercappeln<br>| Skatehall &#8211; Osnabr\u00fcck<br>| Grafikb\u00f6rse Borken<br>| Rundgang 2025 &#8211; Universit\u00e4t Osnabr\u00fcck<\/p>\n\n\n\n<p>| Lange Nacht der Ateliers &#8211; Osnabr\u00fcck<br>| \u00d6komaile 2024 <br>| Tag der Druckkunst &#8211; Ausstellung und Workshop<br>| Grafikb\u00f6rse Borken<br><\/p>\n<\/div>\n<\/div>\n\n\n\n<div class=\"wp-block-columns is-not-stacked-on-mobile is-style-no-vertical-margin is-layout-flex wp-container-core-columns-is-layout-9d6595d7 wp-block-columns-is-layout-flex\">\n<div class=\"wp-block-column is-layout-flow wp-block-column-is-layout-flow\" style=\"flex-basis:25%\">\n<p class=\"has-text-align-right\">08 \/12 -2023 <br>08 &#8211; 2023 <br>03\/10-2023 <br>03 &#8211; 2023 <br>02 &#8211; 2023 <br><\/p>\n<\/div>\n\n\n\n<div class=\"wp-block-column is-layout-flow wp-block-column-is-layout-flow\" style=\"flex-basis:75%\">\n<p>| Jers Tattos &amp; Piercing Studio<br>| Bocholter Kunstmarkt<br>| Katholische Hochschulgemeinde &#8211; Osnabr\u00fcck<br>| Grafikb\u00f6rse Borken<br>| Jahresausstellung Universit\u00e4t Osnabr\u00fcck<\/p>\n<\/div>\n<\/div>\n\n\n\n<div class=\"wp-block-columns is-not-stacked-on-mobile is-layout-flex wp-container-core-columns-is-layout-9d6595d7 wp-block-columns-is-layout-flex\">\n<div class=\"wp-block-column is-layout-flow wp-block-column-is-layout-flow\" style=\"flex-basis:25%\">\n<p class=\"has-text-align-right\">07 &#8211; 2022<br>05 &#8211; 2022<\/p>\n<\/div>\n\n\n\n<div class=\"wp-block-column is-layout-flow wp-block-column-is-layout-flow\" style=\"flex-basis:75%\">\n<p>| Bunte Kuh Markt Bad Iburg<br>| Grafikb\u00f6rse Borken<\/p>\n<\/div>\n<\/div>\n","protected":false},"excerpt":{"rendered":"<p>04-202604-202603-2026 11-2025 10-202509-202505-202504-2025 03-202502-2025 08-2024 05-2024 03-2024 | Festlandmark &#8211; Hamburg| Hyde Park &#8211; Osnabr\u00fcck| AMU Kunstmarkt &#8211; Osnabr\u00fcck| Grafikb\u00f6rse Borken | Designgipfel &#8211; M\u00fcnster| Das Handmadeding &#8211; Bocholt| Art connects &#8211; Haus der Jugend| Skatehalle &#8211; Osnabr\u00fcck| Auktion &amp; Vernissage FSK &#8211; Universit\u00e4t Osnabr\u00fcck| Pusteblume &#8211; Ostercappeln| Skatehall &#8211; Osnabr\u00fcck| Grafikb\u00f6rse Borken| Rundgang 2025&hellip;<\/p>\n","protected":false},"author":1,"featured_media":0,"parent":0,"menu_order":1,"comment_status":"closed","ping_status":"closed","template":"","meta":{"footnotes":""},"class_list":["post-19","page","type-page","status-publish","hentry"],"yoast_head":"<!-- This site is optimized with the Yoast SEO plugin v27.1.1 - https:\/\/yoast.com\/product\/yoast-seo-wordpress\/ -->\n<title>Ausstellungen - Atelier Alina Wi<\/title>\n<meta name=\"robots\" content=\"index, follow, max-snippet:-1, max-image-preview:large, max-video-preview:-1\" \/>\n<link rel=\"canonical\" href=\"https:\/\/alinawi.com\/index.php\/druckgrafik\/\" \/>\n<meta property=\"og:locale\" content=\"de_DE\" \/>\n<meta property=\"og:type\" content=\"article\" \/>\n<meta property=\"og:title\" content=\"Ausstellungen - Atelier Alina Wi\" \/>\n<meta property=\"og:description\" content=\"04-202604-202603-2026 11-2025 10-202509-202505-202504-2025 03-202502-2025 08-2024 05-2024 03-2024 | Festlandmark &#8211; Hamburg| Hyde Park &#8211; Osnabr\u00fcck| AMU Kunstmarkt &#8211; Osnabr\u00fcck| Grafikb\u00f6rse Borken | Designgipfel &#8211; M\u00fcnster| Das Handmadeding &#8211; Bocholt| Art connects &#8211; Haus der Jugend| Skatehalle &#8211; Osnabr\u00fcck| Auktion &amp; Vernissage FSK &#8211; Universit\u00e4t Osnabr\u00fcck| Pusteblume &#8211; Ostercappeln| Skatehall &#8211; Osnabr\u00fcck| Grafikb\u00f6rse Borken| Rundgang 2025&hellip;\" \/>\n<meta property=\"og:url\" content=\"https:\/\/alinawi.com\/index.php\/druckgrafik\/\" \/>\n<meta property=\"og:site_name\" content=\"Atelier Alina Wi\" \/>\n<meta property=\"article:modified_time\" content=\"2026-03-12T12:03:47+00:00\" \/>\n<meta name=\"twitter:card\" content=\"summary_large_image\" \/>\n<meta name=\"twitter:label1\" content=\"Gesch\u00e4tzte Lesezeit\" \/>\n\t<meta name=\"twitter:data1\" content=\"1\u00a0Minute\" \/>\n<script type=\"application\/ld+json\" class=\"yoast-schema-graph\">{\"@context\":\"https:\/\/schema.org\",\"@graph\":[{\"@type\":\"WebPage\",\"@id\":\"https:\/\/alinawi.com\/index.php\/druckgrafik\/\",\"url\":\"https:\/\/alinawi.com\/index.php\/druckgrafik\/\",\"name\":\"Ausstellungen - Atelier Alina Wi\",\"isPartOf\":{\"@id\":\"https:\/\/alinawi.com\/#website\"},\"datePublished\":\"2023-02-09T09:55:34+00:00\",\"dateModified\":\"2026-03-12T12:03:47+00:00\",\"breadcrumb\":{\"@id\":\"https:\/\/alinawi.com\/index.php\/druckgrafik\/#breadcrumb\"},\"inLanguage\":\"de\",\"potentialAction\":[{\"@type\":\"ReadAction\",\"target\":[\"https:\/\/alinawi.com\/index.php\/druckgrafik\/\"]}]},{\"@type\":\"BreadcrumbList\",\"@id\":\"https:\/\/alinawi.com\/index.php\/druckgrafik\/#breadcrumb\",\"itemListElement\":[{\"@type\":\"ListItem\",\"position\":1,\"name\":\"Startseite\",\"item\":\"https:\/\/alinawi.com\/\"},{\"@type\":\"ListItem\",\"position\":2,\"name\":\"Ausstellungen\"}]},{\"@type\":\"WebSite\",\"@id\":\"https:\/\/alinawi.com\/#website\",\"url\":\"https:\/\/alinawi.com\/\",\"name\":\"Atelier Alina Wi\",\"description\":\"Kunst | Druckgrafik \",\"publisher\":{\"@id\":\"https:\/\/alinawi.com\/#organization\"},\"potentialAction\":[{\"@type\":\"SearchAction\",\"target\":{\"@type\":\"EntryPoint\",\"urlTemplate\":\"https:\/\/alinawi.com\/?s={search_term_string}\"},\"query-input\":{\"@type\":\"PropertyValueSpecification\",\"valueRequired\":true,\"valueName\":\"search_term_string\"}}],\"inLanguage\":\"de\"},{\"@type\":\"Organization\",\"@id\":\"https:\/\/alinawi.com\/#organization\",\"name\":\"Atelier Alina Wi\",\"url\":\"https:\/\/alinawi.com\/\",\"logo\":{\"@type\":\"ImageObject\",\"inLanguage\":\"de\",\"@id\":\"https:\/\/alinawi.com\/#\/schema\/logo\/image\/\",\"url\":\"https:\/\/alinawi.com\/wp-content\/uploads\/2023\/02\/cropped-AAWI2.png\",\"contentUrl\":\"https:\/\/alinawi.com\/wp-content\/uploads\/2023\/02\/cropped-AAWI2.png\",\"width\":1777,\"height\":1781,\"caption\":\"Atelier Alina Wi\"},\"image\":{\"@id\":\"https:\/\/alinawi.com\/#\/schema\/logo\/image\/\"}}]}<\/script>\n<!-- \/ Yoast SEO plugin. -->","yoast_head_json":{"title":"Ausstellungen - Atelier Alina Wi","robots":{"index":"index","follow":"follow","max-snippet":"max-snippet:-1","max-image-preview":"max-image-preview:large","max-video-preview":"max-video-preview:-1"},"canonical":"https:\/\/alinawi.com\/index.php\/druckgrafik\/","og_locale":"de_DE","og_type":"article","og_title":"Ausstellungen - Atelier Alina Wi","og_description":"04-202604-202603-2026 11-2025 10-202509-202505-202504-2025 03-202502-2025 08-2024 05-2024 03-2024 | Festlandmark &#8211; Hamburg| Hyde Park &#8211; Osnabr\u00fcck| AMU Kunstmarkt &#8211; Osnabr\u00fcck| Grafikb\u00f6rse Borken | Designgipfel &#8211; M\u00fcnster| Das Handmadeding &#8211; Bocholt| Art connects &#8211; Haus der Jugend| Skatehalle &#8211; Osnabr\u00fcck| Auktion &amp; Vernissage FSK &#8211; Universit\u00e4t Osnabr\u00fcck| Pusteblume &#8211; Ostercappeln| Skatehall &#8211; Osnabr\u00fcck| Grafikb\u00f6rse Borken| Rundgang 2025&hellip;","og_url":"https:\/\/alinawi.com\/index.php\/druckgrafik\/","og_site_name":"Atelier Alina Wi","article_modified_time":"2026-03-12T12:03:47+00:00","twitter_card":"summary_large_image","twitter_misc":{"Gesch\u00e4tzte Lesezeit":"1\u00a0Minute"},"schema":{"@context":"https:\/\/schema.org","@graph":[{"@type":"WebPage","@id":"https:\/\/alinawi.com\/index.php\/druckgrafik\/","url":"https:\/\/alinawi.com\/index.php\/druckgrafik\/","name":"Ausstellungen - Atelier Alina Wi","isPartOf":{"@id":"https:\/\/alinawi.com\/#website"},"datePublished":"2023-02-09T09:55:34+00:00","dateModified":"2026-03-12T12:03:47+00:00","breadcrumb":{"@id":"https:\/\/alinawi.com\/index.php\/druckgrafik\/#breadcrumb"},"inLanguage":"de","potentialAction":[{"@type":"ReadAction","target":["https:\/\/alinawi.com\/index.php\/druckgrafik\/"]}]},{"@type":"BreadcrumbList","@id":"https:\/\/alinawi.com\/index.php\/druckgrafik\/#breadcrumb","itemListElement":[{"@type":"ListItem","position":1,"name":"Startseite","item":"https:\/\/alinawi.com\/"},{"@type":"ListItem","position":2,"name":"Ausstellungen"}]},{"@type":"WebSite","@id":"https:\/\/alinawi.com\/#website","url":"https:\/\/alinawi.com\/","name":"Atelier Alina Wi","description":"Kunst | Druckgrafik ","publisher":{"@id":"https:\/\/alinawi.com\/#organization"},"potentialAction":[{"@type":"SearchAction","target":{"@type":"EntryPoint","urlTemplate":"https:\/\/alinawi.com\/?s={search_term_string}"},"query-input":{"@type":"PropertyValueSpecification","valueRequired":true,"valueName":"search_term_string"}}],"inLanguage":"de"},{"@type":"Organization","@id":"https:\/\/alinawi.com\/#organization","name":"Atelier Alina Wi","url":"https:\/\/alinawi.com\/","logo":{"@type":"ImageObject","inLanguage":"de","@id":"https:\/\/alinawi.com\/#\/schema\/logo\/image\/","url":"https:\/\/alinawi.com\/wp-content\/uploads\/2023\/02\/cropped-AAWI2.png","contentUrl":"https:\/\/alinawi.com\/wp-content\/uploads\/2023\/02\/cropped-AAWI2.png","width":1777,"height":1781,"caption":"Atelier Alina Wi"},"image":{"@id":"https:\/\/alinawi.com\/#\/schema\/logo\/image\/"}}]}},"jetpack_sharing_enabled":true,"_links":{"self":[{"href":"https:\/\/alinawi.com\/index.php\/wp-json\/wp\/v2\/pages\/19","targetHints":{"allow":["GET"]}}],"collection":[{"href":"https:\/\/alinawi.com\/index.php\/wp-json\/wp\/v2\/pages"}],"about":[{"href":"https:\/\/alinawi.com\/index.php\/wp-json\/wp\/v2\/types\/page"}],"author":[{"embeddable":true,"href":"https:\/\/alinawi.com\/index.php\/wp-json\/wp\/v2\/users\/1"}],"replies":[{"embeddable":true,"href":"https:\/\/alinawi.com\/index.php\/wp-json\/wp\/v2\/comments?post=19"}],"version-history":[{"count":23,"href":"https:\/\/alinawi.com\/index.php\/wp-json\/wp\/v2\/pages\/19\/revisions"}],"predecessor-version":[{"id":352,"href":"https:\/\/alinawi.com\/index.php\/wp-json\/wp\/v2\/pages\/19\/revisions\/352"}],"wp:attachment":[{"href":"https:\/\/alinawi.com\/index.php\/wp-json\/wp\/v2\/media?parent=19"}],"curies":[{"name":"wp","href":"https:\/\/api.w.org\/{rel}","templated":true}]}}